e the third derivative of y**7/5040 - 13*y**6/720 + 27*y**5/20 - 35*y**2 - 1. Let z(a) be the third derivative of b(a). Determine z(6).
-7
Let z(f) = 4*f. Let i be z(-4). Let u = i - -23. Let r(y) = 11*y**2 - 3*y - 1. Let b(s) = -5*s**2 - 2*s + 2. Let n(d) = 2*b(d) + r(d). Calculate n(u).
3
Let i(h) = 170*h - 22 - 11 + 178*h - 350*h. Determine i(-8).
-17
Let t(i) be the third derivative of i**5/10 + i**4/3 + 7*i**3/6 - 2893*i**2 - 2. Determine t(-1).
5
Let n be 5*(-216)/(-30)*(5 + 3). Let i = -296 + n. Let s(x) = x**2 + 5*x - 10. What is s(i)?
14
Let l be 2 - (-3)/2*(-520)/(-156). Let h(y) = -y**2 + 5*y + 15. Give h(l).
1
Let j(t) = -514*t**2 - t**3 + 225*t**2 + 252*t**2 - 41 + 37*t. Calculate j(-38).
-3
Let q(v) = 10*v**2 - 106*v - 46. Suppose -2735 = 104*d - 267*d - 942. Determine q(d).
-2
Let o(d) = -33*d**2 + 108*d**2 - 43*d**2 - 36*d**2 - 7 - 9*d - 3. Determine o(-1).
-5
Let j(p) = 15*p - 60. Let l = -22300 - -22303. Determine j(l).
-15
Let u(a) = -a**3 + 4*a**2 - a + 2. Let o(m) = -m + 67. Let h be o(64). Determine u(h).
8
Let j(q) = q**2 - 7*q + 26. Let c(u) = 4*u**2 + u - 390. Let o be c(-10). Give j(o).
26
Let k(l) = 5*l - 7. Let m = -555 + 559. Suppose 2*f + f = -m*y + 23, 4*f = 4. Give k(y).
18
Let q(u) be the third derivative of -3/40*u**5 + 0*u**3 + 0 - 4*u - 1/24*u**4 - 1/720*u**6 + 5*u**2. Let v(s) be the second derivative of q(s). Calculate v(-6).
-3
Suppose 4*l + 4*h = -116, 4*l = -3*h - 81 - 28. Let r(q) = -q**3 - 23*q**2 - 25*q - 53. What is r(l)?
13
Suppose 0 = 11*o + 77 + 33. Let y(h) = h + 446 - 2*h - 163 - 156 - 145. Calculate y(o).
-8
Let m(h) = -57 - 5*h**2 + 101 + 3*h**2 - 36. Determine m(-4).
-24
Suppose -2*b + 8 - 2 = 2*p, 2*b + 4*p - 8 = 0. Let n(g) = 0*g**2 - g**b + 60 - g**3 - 5*g**2 - 70 + 3*g. What is n(-7)?
18
Let u(k) = -2*k**3 - 3*k - 9. Suppose 6*a - 171 + 183 = 0. Determine u(a).
13
Let m(u) be the second derivative of 22 + 3/2*u**3 + 3*u + 0*u**2. Give m(3).
27
Let z(n) = 2*n - 27. Let r = 1769 - 1754. Calculate z(r).
3
Let w(r) = r - 24*r + 8 + 14*r + 3*r + 7*r. Suppose -4*m + 9 = -0*f + f, -5*m = -f. Give w(f).
13
Let a(u) = u**3 + 4*u**2 - 17*u - 57. Let h be a(-5). Let f(n) = -121*n**2 - 1 - 2*n**3 - 6*n + 4*n + 117*n**2 + 2*n**h - n**3. Give f(-3).
-4
Let i(v) = 2*v - 7. Let s(l) = -2*l**2 + 59*l + 429. Let q be s(-6). Determine i(q).
-1
Let n be ((-690)/(-184))/((-3)/4). Let w(v) = 45*v**2 - 85*v**2 + 3*v + 41*v**2. Determine w(n).
10
Let i(d) = 7*d**2 - 767*d + 433. Let r be i(109). Let m(b) be the second derivative of -b**4/12 + b**3/3 + 3*b**2/2 + 9*b. Determine m(r).
-12
Let p = -4383 - -4382. Let d(s) = s**2 + s - 1. Let u(f) = -5 - 2*f + f**2 + f**2 + 9*f. Let g(q) = p*d(q) + u(q). What is g(-8)?
12
Let x(m) = 10*m**2 - m + 4. Let v(a) = 2*a + 43. Let s be -12*3*2/4. Let u be v(s). Let k(h) = -19*h**2 + 2*h - 7. Let p(z) = u*x(z) + 4*k(z). Determine p(1).
-5
Suppose -2*g + 3 + 12 = 5*z, 5*z + 5*g - 15 = 0. Let y(r) = -2*r**3 - r**2 - r**3 - 4 - 2*r + 6*r**3 - 2*r**z. Let m = -800 - -803. Calculate y(m).
8
Let i(v) = -4*v**2 - 3*v**2 + v**3 + 4 + 4 + 6*v. Let x = -72025 + 72031. Calculate i(x).
8
Let z be (-6)/(-33) + 62/22. Let u(c) = 2*c - 5. Let s(l) = -2*l + 4. Suppose 8*q = 57 - 25. Let b(g) = q*u(g) + 6*s(g). Give b(z).
-8
Let x(g) = 1 - 7367*g**2 + 15*g + g**3 + 14759*g**2 - 7379*g**2. Determine x(-12).
-35
Let g = -8181 - -8191. Let o(c) = -3*c + 22. Determine o(g).
-8
Let c(q) = q**2 + 6*q + 8. Suppose 0 = -10*k + 4*k + 168. Suppose -l - 2*l = -2*j + k, 2 = -2*l - 2*j. Determine c(l).
8
Let r(o) be the second derivative of -o**4/6 + 11*o**3/6 - 5*o**2/2 + 913*o - 1. Determine r(7).
-26
Let l be (0 - 2) + 2*2. Let g(v) be the first derivative of -v + 2/3*v**3 - 1/2*v**2 - 116 - 1/4*v**4. Give g(l).
-3
Let a(o) = 4*o + 1. Let v(h) = -3*h - 4 - 8 + 11. Let r be 4*(2 + 0/(-1))/(-2). Let l(w) = r*a(w) - 3*v(w). Calculate l(-1).
6
Let o = 4100 - 4105. Let y(h) = -h**3 - 5*h**2 - 6*h - 1. Let v(g) = 1 + g**3 + 7*g**2 - g**2 + 4*g + 3*g. Let u(m) = o*y(m) - 4*v(m). Give u(-2).
-7
Let v(w) be the second derivative of w**4/12 - 4*w**3/3 + 3*w**2 - 685*w. Suppose 5*d = -5*r + 35, 3*r - 35 = -2*r - 3*d. Determine v(r).
-1
Let h(c) = c**2 + 26*c - 320. Let j be h(9). Let s(x) = -x**2 - 9*x - 2. What is s(j)?
18
Let u(w) = -11 + 10*w + 8 - 12 + 16 + 14 - w**3 - 6*w**2. What is u(-7)?
-6
Let o(y) = -y**2 - 2*y + 18. Let u = -72 - -58. Let v be (-6)/u + 186/(-42) - 2. What is o(v)?
-6
Let c(h) = 3*h**2 + 4*h + 2. Let g = 19 - 17. Suppose -5*l - 5*k = -k - 72, -2*l + g*k = -36. Suppose 8 = 12*t - l*t. Give c(t).
6
Let i be (12 + (8 - 8))*(-14)/6. Let j(h) = -h**2 - 32*h - 108. Give j(i).
4
Let o be (3/6)/(1/(-38)). Let p be o/(-5) + 1/5. Let f(c) = 3*c + 2*c - 7*c + c**3 - 3*c**2 - 6495 + 6498. Give f(p).
11
Let f(c) be the first derivative of c**5/5 - c**4/24 - c**2 + 62. Let h(a) be the second derivative of f(a). What is h(-1)?
13
Suppose 3*t - 7*j + 6*j - 3 = 0, -5*t = 4*j - 22. Let x(n) = -n**2 + 8*n + 12. Let u be x(9). Let z(q) = -2*q**3 + 15 + 2*q**t - 2*q**u - 16. Give z(1).
-3
Let s(l) = -32*l - 210. Let j be s(-7). Let k(i) = -7*i - 2 - j*i + 26*i - 7*i. Let n = -13 + 8. Calculate k(n).
8
Let d be 3*(5/(-1) + 10). Suppose -d*q + 9*q = -36. Suppose 0 = q*a - 37 + 55. Let b(n) = n**3 + n**2 - 5*n - 4. What is b(a)?
-7
Let q(o) = -2*o**2 + 12*o - 17. Let c = -3256 - -3263. Give q(c).
-31
Suppose 7*l + l - 3662 + 3710 = 0. Let f(n) = n**3 + 6*n**2 + 7*n - 1. Calculate f(l).
-43
Let y(d) = -d**3 + 16*d**2 + 16*d + 20. Let g = 187 + -184. Suppose 4*q - u = -2*u + 73, 3*u = g*q - 36. Determine y(q).
3
Let m(g) = -g - 7. Let z be (2 - 2 - 3)/(42/154). Give m(z).
4
Suppose -z + 3 = 5*m, 476*z = 474*z + m + 6. Let p(l) be the second derivative of -1/6*l**z + 0 + 1/2*l**2 + 2*l - 1/4*l**4. Calculate p(-2).
-9
Let m(l) = l**2 - 6*l + 7. Let p(t) be the third derivative of t**4/8 + t**3 + 28*t**2. Let o be p(-19). Let s = -46 - o. Calculate m(s).
2
Let l(b) = 2 - 2 + 1. Suppose 519*q = 500*q - 19. Let j(g) = -2*g - 9. Let k(x) = q*j(x) - 2*l(x). Give k(-5).
-3
Let f(p) = -20*p + 19. Let u(o) = 11*o - 11. Let i(d) = -6*f(d) - 11*u(d). Suppose -5*v + 0*v = -5. Let z = 2 + v. Determine i(z).
4
Let x(g) = 32*g - 16*g - 10*g - 14*g + g**3 - 5*g + 14 - 10*g**2. Let i(r) = r + 24. Let h be i(-13). What is x(h)?
-8
Let m be (-488)/(-60) - 4/30. Let a(x) be the third derivative of 0 + 0*x - 5*x**2 + 3/2*x**3 - 1/24*x**4. Calculate a(m).
1
Let t(g) = -g - 18. Let h(s) = -s - 4. Let j(d) = 5*h(d) - 4*t(d). Give j(10).
42
Let t(k) = -3*k**3 - 11*k**2 + 5*k - 13. Let f(m) = 7*m**3 + 33*m**2 - 12*m + 27. Let p(q) = 2*f(q) + 5*t(q). What is p(11)?
0
Let h(s) = s**3 - 4*s**2 + 7*s - 5. Let z(o) = o**3 + 15*o**2 - 33*o + 21. Suppose 37*d - 136 = 45*d. Let p be z(d). What is h(p)?
23
Let a(r) = 8*r - 2*r - 1 + 3*r - 2*r. Let z(j) = j - 2. Let v be z(10). Suppose -2*d = v, -11 = 3*q + 3*d + 4. Give a(q).
-8
Let b(v) be the second derivative of 4*v**3/3 + 17*v**2 + 144*v - 3. What is b(-6)?
-14
Suppose 6*g + 297 = -1203. Let u be g/100*(-4)/5. Let i(s) = 2*s + 4. Give i(u).
8
Suppose -3*v - 4*w + 204 = v, w = 4*v - 179. Let u = -44 + v. Let n(x) = -x**u + 2 + 2 - 1 - x. Give n(-3).
-3
Let y(m) = -7*m - 2. Let g be (-160)/(-12)*8/10*-3. Let j = -25 - g. Calculate y(j).
-51
Let z(i) = -i**2 + 8*i + 5. Let l(g) = g**2 - 7*g - 5. Let x(b) = -4*l(b) - 3*z(b). Suppose 7*r - 4110 = -4110. What is x(r)?
5
Let w be ((-2)/(-4))/((-1)/(-6)). Let j(v) = 2 - 50*v - v**w + 4 + 44*v - 7*v**2. Let c(u) = -u**2 + 6*u - 6. Let h be c(6). What is j(h)?
6
Let z(c) be the third derivative of c**6/120 + 3*c**5/20 + 5*c**4/12 + c**3 + 16*c**2 + c. Calculate z(-7).
34
Let y = 15970 - 16024. Let c(o) = -o**3 - 53*o**2 + 58*o + 206. What is c(y)?
-10
Let v(x) = -x + 4. Suppose -6*u + 117 = -45. Let h be (-4)/(-6) - (-144)/u. Determine v(h).
-2
Let h(j) = j**2 + 6*j + 3. Let l(v) = -1. Suppose 3*s - 5 = -2*s + 3*u, 0 = -5*s + 2*u + 5. Let y(d) = s*h(d) + 6*l(d). Give y(-5).
-8
Let a(g) = -g**2 + 4*g - 3. Let s be (-11)/(-5) + (18/10 - (-4 + 6)). What is a(s)?
1
Suppose 17*z + 20*z - 598 = -9*z. Let v(t) = t**2 - 15*t + 39. Determine v(z).
13
Suppose 0 = 56*u - 55*u - 2. Let l(j) = -5*j + j**2 - 6770 + 6774 - u*j. Give l(5).
-6
Let l(k) = k + 1 - 